{"id":475,"date":"2026-04-11T19:53:28","date_gmt":"2026-04-11T19:53:28","guid":{"rendered":"https:\/\/testi.stresa.fi\/?page_id=475"},"modified":"2026-04-11T19:53:58","modified_gmt":"2026-04-11T19:53:58","slug":"pirjo-ja-reijo-toivanen-proseccoa-per-favore","status":"publish","type":"page","link":"https:\/\/testi.stresa.fi\/index.php\/pirjo-ja-reijo-toivanen-proseccoa-per-favore\/","title":{"rendered":"Pirjo ja Reijo Toivanen, Proseccoa per favore!"},"content":{"rendered":"\n<figure class=\"wp-block-image size-full is-resized\"><img loading=\"lazy\" decoding=\"async\" width=\"454\" height=\"448\" src=\"https:\/\/testi.stresa.fi\/wp-content\/uploads\/2026\/03\/Proseccoa-kansi-net-1.jpg\" alt=\"\" class=\"wp-image-29\" style=\"width:auto;height:400px\" srcset=\"https:\/\/testi.stresa.fi\/wp-content\/uploads\/2026\/03\/Proseccoa-kansi-net-1.jpg 454w, https:\/\/testi.stresa.fi\/wp-content\/uploads\/2026\/03\/Proseccoa-kansi-net-1-300x296.jpg 300w\" sizes=\"auto, (max-width: 454px) 100vw, 454px\" \/><\/figure>\n\n\n\n<p>Italian Stresaan kymmenisen vuotta sitten muuttanut suomalaispariskunta on p\u00e4\u00e4ssyt v\u00e4hin erin l\u00e4hemm\u00e4s paikkakuntalaisen el\u00e4m\u00e4\u00e4. Turismi on Stresan dynamo. Talvella on hiljaista, sataa ja tuulee. Silloin osa paikkakuntalaisista pakenee lomalle l\u00e4mpim\u00e4\u00e4n. P\u00e4\u00e4si\u00e4isen\u00e4 kaikki py\u00f6r\u00e4ht\u00e4\u00e4 taas k\u00e4yntiin, kun puut ja pensaat puhkeavat kukkaan.<br>Reijo Toivanen on ottanut vuosien varrella kuvia ja Pirjo Toivanen on merkinnyt muistiin tapahtumia, joista v\u00e4littyy ihmettely, ilo, rakkaus ja hyv\u00e4ksynt\u00e4. Ulkomaalaisen on mahdoton ymm\u00e4rt\u00e4\u00e4 kaikkea, vaikka moni asia vaikuttaa tutulta.<br>Stresa on innostanut kirjailijoita, runoilijoita ja muita paikkakunnalle osuneita vuosisatoja. Suomalaisiakin, sill\u00e4 Olavi Virta levytti ylistyslaulun Maggiore-j\u00e4rvest\u00e4 vuonna 1953. Hemingway kuvasi kirjassaan J\u00e4\u00e4hyv\u00e4iset aseille pakoa soutuveneell\u00e4 ensimm\u00e4isest\u00e4 maailmansodasta, Borromeo-hotellin rannasta Sveitsin puolelle.<\/p>\n\n\n\n<p><em>\u201dHaluamme t\u00e4m\u00e4n kirjan sivuilla jakaa el\u00e4myksi\u00e4mme.&nbsp;<\/em><em>Meille asuminen ulkomailla on seikkailu, joka alkaa joka&nbsp;aamu.\u201d<\/em><\/p>\n\n\n\n<figure class=\"wp-block-table is-style-stripes\"><table><tbody><tr><th class=\"has-text-align-left\" data-align=\"left\">Nimi<\/th><td class=\"has-text-align-left\" data-align=\"left\">Proseccoa per favore! matkakirja<\/td><\/tr><tr><th class=\"has-text-align-left\" data-align=\"left\">Kirjailija<\/th><td class=\"has-text-align-left\" data-align=\"left\">Toivanen, Pirjo ja&nbsp;Reijo<\/td><\/tr><tr><th class=\"has-text-align-left\" data-align=\"left\">ISBN<\/th><td class=\"has-text-align-left\" data-align=\"left\">978-952-68772-5-9<\/td><\/tr><tr><th class=\"has-text-align-left\" data-align=\"left\">Tuotantovuosi<\/th><td class=\"has-text-align-left\" data-align=\"left\">2018<\/td><\/tr><tr><th class=\"has-text-align-left\" data-align=\"left\">Sivum\u00e4\u00e4r\u00e4<\/th><td class=\"has-text-align-left\" data-align=\"left\">112<\/td><\/tr><tr><th class=\"has-text-align-left\" data-align=\"left\">Hinta<\/th><td class=\"has-text-align-left\" data-align=\"left\">27 \u20ac<\/td><\/tr><tr><th class=\"has-text-align-left\" data-align=\"left\">Sidosasu<\/th><td class=\"has-text-align-left\" data-align=\"left\">sidottu<\/td><\/tr><\/tbody><\/table><\/figure>\n\n\n\n<div class=\"wp-block-buttons is-layout-flex wp-block-buttons-is-layout-flex\">\n<div class=\"wp-block-button is-style-outline is-style-outline--1\"><a class=\"wp-block-button__link has-palette-color-9-color has-text-color has-link-color wp-element-button\">Osta t\u00e4st\u00e4<\/a><\/div>\n<\/div>\n","protected":false},"excerpt":{"rendered":"<p>Italian Stresaan kymmenisen vuotta sitten muuttanut suomalaispariskunta on p\u00e4\u00e4ssyt v\u00e4hin erin l\u00e4hemm\u00e4s paikkakuntalaisen el\u00e4m\u00e4\u00e4. Turismi on Stresan dynamo. Talvella on hiljaista, sataa ja tuulee. Silloin osa paikkakuntalaisista pakenee lomalle l\u00e4mpim\u00e4\u00e4n. P\u00e4\u00e4si\u00e4isen\u00e4 kaikki py\u00f6r\u00e4ht\u00e4\u00e4 taas k\u00e4yntiin, kun puut ja pensaat puhkeavat kukkaan.Reijo Toivanen on ottanut vuosien varrella kuvia ja Pirjo Toivanen on merkinnyt muistiin tapahtumia, joista [&hellip;]<\/p>\n","protected":false},"author":1,"featured_media":0,"parent":0,"menu_order":0,"comment_status":"closed","ping_status":"closed","template":"","meta":{"footnotes":""},"class_list":["post-475","page","type-page","status-publish","hentry"],"blocksy_meta":[],"_links":{"self":[{"href":"https:\/\/testi.stresa.fi\/index.php\/wp-json\/wp\/v2\/pages\/475","targetHints":{"allow":["GET"]}}],"collection":[{"href":"https:\/\/testi.stresa.fi\/index.php\/wp-json\/wp\/v2\/pages"}],"about":[{"href":"https:\/\/testi.stresa.fi\/index.php\/wp-json\/wp\/v2\/types\/page"}],"author":[{"embeddable":true,"href":"https:\/\/testi.stresa.fi\/index.php\/wp-json\/wp\/v2\/users\/1"}],"replies":[{"embeddable":true,"href":"https:\/\/testi.stresa.fi\/index.php\/wp-json\/wp\/v2\/comments?post=475"}],"version-history":[{"count":1,"href":"https:\/\/testi.stresa.fi\/index.php\/wp-json\/wp\/v2\/pages\/475\/revisions"}],"predecessor-version":[{"id":477,"href":"https:\/\/testi.stresa.fi\/index.php\/wp-json\/wp\/v2\/pages\/475\/revisions\/477"}],"wp:attachment":[{"href":"https:\/\/testi.stresa.fi\/index.php\/wp-json\/wp\/v2\/media?parent=475"}],"curies":[{"name":"wp","href":"https:\/\/api.w.org\/{rel}","templated":true}]}}