{"id":484,"date":"2026-04-11T20:09:56","date_gmt":"2026-04-11T20:09:56","guid":{"rendered":"https:\/\/testi.stresa.fi\/?page_id=484"},"modified":"2026-04-11T20:10:56","modified_gmt":"2026-04-11T20:10:56","slug":"pirjo-puukko-mutkanlukutaito","status":"publish","type":"page","link":"https:\/\/testi.stresa.fi\/index.php\/pirjo-puukko-mutkanlukutaito\/","title":{"rendered":"Pirjo Puukko, Mutkanlukutaito"},"content":{"rendered":"\n<figure class=\"wp-block-image size-full\"><img loading=\"lazy\" decoding=\"async\" width=\"215\" height=\"313\" src=\"https:\/\/testi.stresa.fi\/wp-content\/uploads\/2026\/03\/mutkanlukutaito_kansi.png\" alt=\"\" class=\"wp-image-26\" srcset=\"https:\/\/testi.stresa.fi\/wp-content\/uploads\/2026\/03\/mutkanlukutaito_kansi.png 215w, https:\/\/testi.stresa.fi\/wp-content\/uploads\/2026\/03\/mutkanlukutaito_kansi-206x300.png 206w\" sizes=\"auto, (max-width: 215px) 100vw, 215px\" \/><\/figure>\n\n\n\n<p>Tiet voivat olla p\u00f6lly\u00e4v\u00e4\u00e4 hiekkaa tai pikist\u00e4 asfalttia, tai ne voivat olla el\u00e4m\u00e4nmittaisia. T\u00e4ytyy valita, ajaako t\u00e4ysill\u00e4 vauhdista nauttien, vai arkailla vaaroja? Mutkanlukutaito on tarpeen.<br>Kun on kaksi ihmist\u00e4, on kaksi maailmaa. Riste\u00e4vi\u00e4 teit\u00e4 pallonpinta v\u00e4\u00e4r\u00e4ll\u00e4\u00e4n. Joka risteyksess\u00e4 t\u00f6rm\u00e4ysvaara. Kun menoa katsoo hieman vinosti, hymy her\u00e4ilee huulilla.<br>Novellikokoelmassa\u00a0<strong>Mutkanlukutaito<\/strong>\u00a0etsit\u00e4\u00e4n t\u00f6rm\u00e4yspaikkoja ja kuvataan erilaisia selviytymisyrityksi\u00e4.<\/p>\n\n\n\n<p><em>Kuulin kun Tuure tuli y\u00f6ll\u00e4. Esitin nukkuvaa eik\u00e4 se yritt\u00e4nyt edes her\u00e4tell\u00e4. Kaatui vaatteet p\u00e4\u00e4ll\u00e4 s\u00e4nkyyn ja alkoi kuorsata saman tien. Tuumi kaiketi, ett\u00e4 p\u00e4\u00e4see sill\u00e4 tavalla kuin koira ver\u00e4j\u00e4st\u00e4. Ett\u00e4 olisin aamulla unen j\u00e4lkeen lauhtunut.<\/em><br><em>En aikonut olla. Enk\u00e4\u00a0ollut.<\/em><br><em>Mietin jo y\u00f6ll\u00e4 kostoa. Sen suloinen happamuus hiipi iholla ja aivot ty\u00f6skenteliv\u00e4t silppurin tavoin.<\/em><\/p>\n\n\n\n<figure class=\"wp-block-table is-style-stripes\"><table><tbody><tr><th class=\"has-text-align-left\" data-align=\"left\">Nimi<\/th><td class=\"has-text-align-left\" data-align=\"left\">Mutkanlukutaito, novellikokoelma<\/td><\/tr><tr><th class=\"has-text-align-left\" data-align=\"left\">Kirjailija<\/th><td class=\"has-text-align-left\" data-align=\"left\">Puukko,&nbsp;Pirjo<\/td><\/tr><tr><th class=\"has-text-align-left\" data-align=\"left\">ISBN<\/th><td class=\"has-text-align-left\" data-align=\"left\">978-952-68771-8-1<\/td><\/tr><tr><th class=\"has-text-align-left\" data-align=\"left\">Tuotantovuosi<\/th><td class=\"has-text-align-left\" data-align=\"left\">2017<\/td><\/tr><tr><th class=\"has-text-align-left\" data-align=\"left\">Sivum\u00e4\u00e4r\u00e4<\/th><td class=\"has-text-align-left\" data-align=\"left\">135<\/td><\/tr><tr><th class=\"has-text-align-left\" data-align=\"left\">Hinta<\/th><td class=\"has-text-align-left\" data-align=\"left\">19,80 \u20ac<\/td><\/tr><tr><th class=\"has-text-align-left\" data-align=\"left\">Sidosasu<\/th><td class=\"has-text-align-left\" data-align=\"left\">nidottu<\/td><\/tr><\/tbody><\/table><\/figure>\n\n\n\n<div class=\"wp-block-buttons is-layout-flex wp-block-buttons-is-layout-flex\">\n<div class=\"wp-block-button is-style-outline is-style-outline--1\"><a class=\"wp-block-button__link has-palette-color-9-color has-text-color has-link-color wp-element-button\">Osta t\u00e4st\u00e4<\/a><\/div>\n<\/div>\n","protected":false},"excerpt":{"rendered":"<p>Tiet voivat olla p\u00f6lly\u00e4v\u00e4\u00e4 hiekkaa tai pikist\u00e4 asfalttia, tai ne voivat olla el\u00e4m\u00e4nmittaisia. T\u00e4ytyy valita, ajaako t\u00e4ysill\u00e4 vauhdista nauttien, vai arkailla vaaroja? Mutkanlukutaito on tarpeen.Kun on kaksi ihmist\u00e4, on kaksi maailmaa. Riste\u00e4vi\u00e4 teit\u00e4 pallonpinta v\u00e4\u00e4r\u00e4ll\u00e4\u00e4n. Joka risteyksess\u00e4 t\u00f6rm\u00e4ysvaara. Kun menoa katsoo hieman vinosti, hymy her\u00e4ilee huulilla.Novellikokoelmassa\u00a0Mutkanlukutaito\u00a0etsit\u00e4\u00e4n t\u00f6rm\u00e4yspaikkoja ja kuvataan erilaisia selviytymisyrityksi\u00e4. Kuulin kun Tuure tuli [&hellip;]<\/p>\n","protected":false},"author":1,"featured_media":0,"parent":0,"menu_order":0,"comment_status":"closed","ping_status":"closed","template":"","meta":{"footnotes":""},"class_list":["post-484","page","type-page","status-publish","hentry"],"blocksy_meta":[],"_links":{"self":[{"href":"https:\/\/testi.stresa.fi\/index.php\/wp-json\/wp\/v2\/pages\/484","targetHints":{"allow":["GET"]}}],"collection":[{"href":"https:\/\/testi.stresa.fi\/index.php\/wp-json\/wp\/v2\/pages"}],"about":[{"href":"https:\/\/testi.stresa.fi\/index.php\/wp-json\/wp\/v2\/types\/page"}],"author":[{"embeddable":true,"href":"https:\/\/testi.stresa.fi\/index.php\/wp-json\/wp\/v2\/users\/1"}],"replies":[{"embeddable":true,"href":"https:\/\/testi.stresa.fi\/index.php\/wp-json\/wp\/v2\/comments?post=484"}],"version-history":[{"count":2,"href":"https:\/\/testi.stresa.fi\/index.php\/wp-json\/wp\/v2\/pages\/484\/revisions"}],"predecessor-version":[{"id":487,"href":"https:\/\/testi.stresa.fi\/index.php\/wp-json\/wp\/v2\/pages\/484\/revisions\/487"}],"wp:attachment":[{"href":"https:\/\/testi.stresa.fi\/index.php\/wp-json\/wp\/v2\/media?parent=484"}],"curies":[{"name":"wp","href":"https:\/\/api.w.org\/{rel}","templated":true}]}}