{"id":522,"date":"2026-04-12T15:38:11","date_gmt":"2026-04-12T15:38:11","guid":{"rendered":"https:\/\/testi.stresa.fi\/?page_id=522"},"modified":"2026-04-12T15:38:11","modified_gmt":"2026-04-12T15:38:11","slug":"irmeli-westermarck-tassunjalkia","status":"publish","type":"page","link":"https:\/\/testi.stresa.fi\/index.php\/irmeli-westermarck-tassunjalkia\/","title":{"rendered":"Irmeli Westermarck, Tassunj\u00e4lki\u00e4"},"content":{"rendered":"\n<figure class=\"wp-block-image size-large is-resized\"><img loading=\"lazy\" decoding=\"async\" width=\"673\" height=\"1024\" src=\"https:\/\/testi.stresa.fi\/wp-content\/uploads\/2026\/03\/tassunjalkia-etukansi-673x1024.jpg\" alt=\"\" class=\"wp-image-36\" style=\"width:auto;height:400px\" srcset=\"https:\/\/testi.stresa.fi\/wp-content\/uploads\/2026\/03\/tassunjalkia-etukansi-673x1024.jpg 673w, https:\/\/testi.stresa.fi\/wp-content\/uploads\/2026\/03\/tassunjalkia-etukansi-197x300.jpg 197w, https:\/\/testi.stresa.fi\/wp-content\/uploads\/2026\/03\/tassunjalkia-etukansi-768x1168.jpg 768w, https:\/\/testi.stresa.fi\/wp-content\/uploads\/2026\/03\/tassunjalkia-etukansi-1010x1536.jpg 1010w, https:\/\/testi.stresa.fi\/wp-content\/uploads\/2026\/03\/tassunjalkia-etukansi.jpg 1197w\" sizes=\"auto, (max-width: 673px) 100vw, 673px\" \/><\/figure>\n\n\n\n<p>Tassunj\u00e4lki\u00e4 \u2013 Sinttu-staffin muistelmat<\/p>\n\n\n\n<p>\u202aKoirat pit\u00e4v\u00e4t ihmisist\u00e4, ja jotkut koirat pit\u00e4v\u00e4t sen lis\u00e4ksi viel\u00e4 p\u00e4iv\u00e4kirjaa. Mik\u00e4 hieno ja harvinainen yhdistelm\u00e4, ja kas, staffordshirenbullterrieri Sintulla on se. Kun kuono on t\u00e4ynn\u00e4 koiramaisia ajatuksia, on jokainen arkip\u00e4iv\u00e4 juhlan aatto. Perheess\u00e4 elet\u00e4\u00e4n pitk\u00e4lti tassuvetoista el\u00e4m\u00e4\u00e4 \u2013 kuinkas muuten!<br>\u202aTassunj\u00e4lki\u00e4 on jokaisen koiranomistajan toivekirja. Se saa lukijan hyv\u00e4lle mielelle, on h\u00e4n sitten koiranomistaja tai ei. Kirjan sympaattiset piirrokset on tehnyt Kaisa Eskola.<\/p>\n\n\n\n<p><em>\u202a\u201d- Wau, olisipa se jotain, jos meid\u00e4n hauveli kakkisi timantteja tai helmi\u00e4! Riku sanoo.\u202aSeuraavina p\u00e4ivin\u00e4 ulkoillessamme Riku kulkee kintereill\u00e4ni ja vahtii, milloin suostuisin luovuttamaan arvokkaan\u00a0l\u00e4j\u00e4n.\u201d<\/em><\/p>\n\n\n\n<figure class=\"wp-block-table is-style-stripes\"><table><tbody><tr><th class=\"has-text-align-left\" data-align=\"left\">Nimi<\/th><td class=\"has-text-align-left\" data-align=\"left\">Tassunj\u00e4lki\u00e4<\/td><\/tr><tr><th class=\"has-text-align-left\" data-align=\"left\">Kirjailija<\/th><td class=\"has-text-align-left\" data-align=\"left\">Irmeli Westermarck<\/td><\/tr><tr><th class=\"has-text-align-left\" data-align=\"left\">ISBN<\/th><td class=\"has-text-align-left\" data-align=\"left\">978-952-7369-00-5<\/td><\/tr><tr><th class=\"has-text-align-left\" data-align=\"left\">Tuotantovuosi<\/th><td class=\"has-text-align-left\" data-align=\"left\">2019<\/td><\/tr><tr><th class=\"has-text-align-left\" data-align=\"left\">Sivum\u00e4\u00e4r\u00e4<\/th><td class=\"has-text-align-left\" data-align=\"left\">160<\/td><\/tr><tr><th class=\"has-text-align-left\" data-align=\"left\">Hinta<\/th><td class=\"has-text-align-left\" data-align=\"left\">19,80<\/td><\/tr><tr><th class=\"has-text-align-left\" data-align=\"left\">Sidosasu<\/th><td class=\"has-text-align-left\" data-align=\"left\">nidottu<\/td><\/tr><\/tbody><\/table><\/figure>\n\n\n\n<div class=\"wp-block-buttons is-layout-flex wp-block-buttons-is-layout-flex\">\n<div class=\"wp-block-button is-style-outline is-style-outline--1\"><a class=\"wp-block-button__link has-palette-color-9-color has-text-color has-link-color wp-element-button\">Osta t\u00e4st\u00e4<\/a><\/div>\n<\/div>\n","protected":false},"excerpt":{"rendered":"<p>Tassunj\u00e4lki\u00e4 \u2013 Sinttu-staffin muistelmat \u202aKoirat pit\u00e4v\u00e4t ihmisist\u00e4, ja jotkut koirat pit\u00e4v\u00e4t sen lis\u00e4ksi viel\u00e4 p\u00e4iv\u00e4kirjaa. Mik\u00e4 hieno ja harvinainen yhdistelm\u00e4, ja kas, staffordshirenbullterrieri Sintulla on se. Kun kuono on t\u00e4ynn\u00e4 koiramaisia ajatuksia, on jokainen arkip\u00e4iv\u00e4 juhlan aatto. Perheess\u00e4 elet\u00e4\u00e4n pitk\u00e4lti tassuvetoista el\u00e4m\u00e4\u00e4 \u2013 kuinkas muuten!\u202aTassunj\u00e4lki\u00e4 on jokaisen koiranomistajan toivekirja. Se saa lukijan hyv\u00e4lle mielelle, on [&hellip;]<\/p>\n","protected":false},"author":1,"featured_media":0,"parent":0,"menu_order":0,"comment_status":"closed","ping_status":"closed","template":"","meta":{"footnotes":""},"class_list":["post-522","page","type-page","status-publish","hentry"],"blocksy_meta":[],"_links":{"self":[{"href":"https:\/\/testi.stresa.fi\/index.php\/wp-json\/wp\/v2\/pages\/522","targetHints":{"allow":["GET"]}}],"collection":[{"href":"https:\/\/testi.stresa.fi\/index.php\/wp-json\/wp\/v2\/pages"}],"about":[{"href":"https:\/\/testi.stresa.fi\/index.php\/wp-json\/wp\/v2\/types\/page"}],"author":[{"embeddable":true,"href":"https:\/\/testi.stresa.fi\/index.php\/wp-json\/wp\/v2\/users\/1"}],"replies":[{"embeddable":true,"href":"https:\/\/testi.stresa.fi\/index.php\/wp-json\/wp\/v2\/comments?post=522"}],"version-history":[{"count":1,"href":"https:\/\/testi.stresa.fi\/index.php\/wp-json\/wp\/v2\/pages\/522\/revisions"}],"predecessor-version":[{"id":524,"href":"https:\/\/testi.stresa.fi\/index.php\/wp-json\/wp\/v2\/pages\/522\/revisions\/524"}],"wp:attachment":[{"href":"https:\/\/testi.stresa.fi\/index.php\/wp-json\/wp\/v2\/media?parent=522"}],"curies":[{"name":"wp","href":"https:\/\/api.w.org\/{rel}","templated":true}]}}