{"id":619,"date":"2026-04-14T13:47:48","date_gmt":"2026-04-14T13:47:48","guid":{"rendered":"https:\/\/testi.stresa.fi\/?page_id=619"},"modified":"2026-04-15T15:17:51","modified_gmt":"2026-04-15T15:17:51","slug":"pirjo-ja-reijo-toivanen-valoa-italiasta-suomen-kultakauden-taiteeseen","status":"publish","type":"page","link":"https:\/\/testi.stresa.fi\/index.php\/pirjo-ja-reijo-toivanen-valoa-italiasta-suomen-kultakauden-taiteeseen\/","title":{"rendered":"Pirjo ja Reijo Toivanen, Valoa Italiasta"},"content":{"rendered":"\n<p class=\"has-palette-color-9-color has-text-color has-link-color wp-elements-04ee10d067f674528e4a1d34d2462a52\" style=\"font-size:clamp(15.747px, 0.984rem + ((1vw - 3.2px) * 0.645), 24px);font-style:normal;font-weight:700;line-height:0;text-transform:uppercase\">Suomen kultakauden taiteeseen<\/p>\n\n\n\n<p><\/p>\n\n\n\n<figure class=\"wp-block-image size-large is-resized\"><img loading=\"lazy\" decoding=\"async\" width=\"1000\" height=\"1024\" src=\"https:\/\/testi.stresa.fi\/wp-content\/uploads\/2026\/04\/ce79a8ba-ff9a-4daf-80ae-90d2d5342467-1-1000x1024.jpeg\" alt=\"\" class=\"wp-image-616\" style=\"width:auto;height:400px\" srcset=\"https:\/\/testi.stresa.fi\/wp-content\/uploads\/2026\/04\/ce79a8ba-ff9a-4daf-80ae-90d2d5342467-1-1000x1024.jpeg 1000w, https:\/\/testi.stresa.fi\/wp-content\/uploads\/2026\/04\/ce79a8ba-ff9a-4daf-80ae-90d2d5342467-1-293x300.jpeg 293w, https:\/\/testi.stresa.fi\/wp-content\/uploads\/2026\/04\/ce79a8ba-ff9a-4daf-80ae-90d2d5342467-1-768x787.jpeg 768w, https:\/\/testi.stresa.fi\/wp-content\/uploads\/2026\/04\/ce79a8ba-ff9a-4daf-80ae-90d2d5342467-1-1499x1536.jpeg 1499w, https:\/\/testi.stresa.fi\/wp-content\/uploads\/2026\/04\/ce79a8ba-ff9a-4daf-80ae-90d2d5342467-1.jpeg 1598w\" sizes=\"auto, (max-width: 1000px) 100vw, 1000px\" \/><\/figure>\n\n\n\n<p>El\u00e4m\u00e4 Italiassa, Dolce Vita, vieh\u00e4tti eurooppalaisia Grand tour -matkailijoita jo 1600-luvulla. Rautatieyhteys Alppien yli helpotti matkustamista 1850-luvulta l\u00e4htien. Moni suomalainen taiteilija vietti uransa alussa kuukausia Italiassa 1900-luvun vaihteessa. Heit\u00e4 kiinnosti erityisesti Firenzen varhaisrenessanssin freskotaide. Italian oleskelunsa aikana huoli l\u00e4heisten ja Suomen kansan tilanteesta Ven\u00e4j\u00e4n sorron alla tiivisti taiteilijoiden keskin\u00e4ist\u00e4 yhteydenpitoa ja vahvisti yst\u00e4vyyssuhteita.<br>Talven valo Firenzess\u00e4 on aina kiehtonut kuvataitelijoita. Aamuaurinko v\u00e4ritt\u00e4\u00e4 taivaan oranssiin ennen sinist\u00e4 heleytt\u00e4, joka iltap\u00e4iv\u00e4ll\u00e4 pehmenee monikerroksiseksi samettisuudeksi.<br>Pirjo ja Reijo Toivanen tekiv\u00e4t ensimm\u00e4isen matkansa Alppien yli Ligurianmeren tuntumaan vuonna 1989. Se matka synnytti innostuksen tutkia Italiaa, sen kulttuuria ja historiaa. Vuodesta 2008 pariskunta on asunut Stresassa, Maggiorej\u00e4rven rannalla, Pirjo paneutuen kirjoittamiseen ja Reijo valokuvaamiseen.<\/p>\n\n\n\n<p>T\u00e4m\u00e4 kirja korostaa sek\u00e4 yst\u00e4vyyden merkityst\u00e4 ett\u00e4 Italian taideaarteiden vaikutusta kultakauden taiteilijoittemme tuotannossa. Se on jatkoa Toivasten matkakirjasarjalle:<br>Proseccoa per favore (2018, kolmas painos 2024), Salsaa ja mojitoa (2021), ja Italiaa ristiin rastiin Goethen kannoilla (2023, toinen painos 2025).<\/p>\n\n\n\n<figure class=\"wp-block-table is-style-stripes\"><table><tbody><tr><th class=\"has-text-align-left\" data-align=\"left\">Nimi<\/th><td class=\"has-text-align-left\" data-align=\"left\">Valoa Italiasta Suomen kultakauden taiteeseen, matkakirja<\/td><\/tr><tr><th class=\"has-text-align-left\" data-align=\"left\">Kirjailija<\/th><td class=\"has-text-align-left\" data-align=\"left\">Pirjo ja Reijo Toivanen<\/td><\/tr><tr><th class=\"has-text-align-left\" data-align=\"left\">ISBN<\/th><td class=\"has-text-align-left\" data-align=\"left\">978-952-7369-17-3<\/td><\/tr><tr><th class=\"has-text-align-left\" data-align=\"left\">Tuotantovuosi<\/th><td class=\"has-text-align-left\" data-align=\"left\">2026<\/td><\/tr><tr><th class=\"has-text-align-left\" data-align=\"left\">Sivum\u00e4\u00e4r\u00e4<\/th><td class=\"has-text-align-left\" data-align=\"left\">176<\/td><\/tr><tr><th class=\"has-text-align-left\" data-align=\"left\">Hinta<\/th><td class=\"has-text-align-left\" data-align=\"left\">37,50<\/td><\/tr><tr><th class=\"has-text-align-left\" data-align=\"left\">Sidosasu<\/th><td class=\"has-text-align-left\" data-align=\"left\">Nidottu<\/td><\/tr><\/tbody><\/table><\/figure>\n\n\n\n<div class=\"wp-block-buttons is-layout-flex wp-block-buttons-is-layout-flex\">\n<div class=\"wp-block-button is-style-outline is-style-outline--1\"><a class=\"wp-block-button__link has-palette-color-9-color has-text-color has-link-color wp-element-button\">Osta t\u00e4st\u00e4<\/a><\/div>\n<\/div>\n","protected":false},"excerpt":{"rendered":"<p>Suomen kultakauden taiteeseen El\u00e4m\u00e4 Italiassa, Dolce Vita, vieh\u00e4tti eurooppalaisia Grand tour -matkailijoita jo 1600-luvulla. Rautatieyhteys Alppien yli helpotti matkustamista 1850-luvulta l\u00e4htien. Moni suomalainen taiteilija vietti uransa alussa kuukausia Italiassa 1900-luvun vaihteessa. Heit\u00e4 kiinnosti erityisesti Firenzen varhaisrenessanssin freskotaide. Italian oleskelunsa aikana huoli l\u00e4heisten ja Suomen kansan tilanteesta Ven\u00e4j\u00e4n sorron alla tiivisti taiteilijoiden keskin\u00e4ist\u00e4 yhteydenpitoa ja vahvisti [&hellip;]<\/p>\n","protected":false},"author":1,"featured_media":0,"parent":0,"menu_order":0,"comment_status":"closed","ping_status":"closed","template":"","meta":{"footnotes":""},"class_list":["post-619","page","type-page","status-publish","hentry"],"blocksy_meta":[],"_links":{"self":[{"href":"https:\/\/testi.stresa.fi\/index.php\/wp-json\/wp\/v2\/pages\/619","targetHints":{"allow":["GET"]}}],"collection":[{"href":"https:\/\/testi.stresa.fi\/index.php\/wp-json\/wp\/v2\/pages"}],"about":[{"href":"https:\/\/testi.stresa.fi\/index.php\/wp-json\/wp\/v2\/types\/page"}],"author":[{"embeddable":true,"href":"https:\/\/testi.stresa.fi\/index.php\/wp-json\/wp\/v2\/users\/1"}],"replies":[{"embeddable":true,"href":"https:\/\/testi.stresa.fi\/index.php\/wp-json\/wp\/v2\/comments?post=619"}],"version-history":[{"count":7,"href":"https:\/\/testi.stresa.fi\/index.php\/wp-json\/wp\/v2\/pages\/619\/revisions"}],"predecessor-version":[{"id":650,"href":"https:\/\/testi.stresa.fi\/index.php\/wp-json\/wp\/v2\/pages\/619\/revisions\/650"}],"wp:attachment":[{"href":"https:\/\/testi.stresa.fi\/index.php\/wp-json\/wp\/v2\/media?parent=619"}],"curies":[{"name":"wp","href":"https:\/\/api.w.org\/{rel}","templated":true}]}}